{"id":1612,"date":"2012-01-15T18:17:02","date_gmt":"2012-01-15T18:17:02","guid":{"rendered":"http:\/\/legendmtbclub.cz\/?page_id=1612"},"modified":"2012-12-25T16:02:55","modified_gmt":"2012-12-25T16:02:55","slug":"fotogalerie-2012","status":"publish","type":"page","link":"https:\/\/LegendMTBclub.cz\/?page_id=1612","title":{"rendered":"Fotogalerie 2012"},"content":{"rendered":"<p><a href=\"http:\/\/legendmtbclub.cz\/?page_id=1624&amp;album=25&amp;gallery=118\"><img loading=\"lazy\" decoding=\"async\" class=\"size-medium wp-image-1761  alignleft\" title=\"V\u00e1no\u010dn\u00ed  24.12.2012\" src=\"http:\/\/LegendMTBclub.cz\/wp-content\/uploads\/2012\/01\/IMG_0419-400x300.jpg\" alt=\"\" width=\"288\" height=\"216\" \/><\/a><\/p>\n<p><a href=\"http:\/\/legendmtbclub.cz\/?page_id=1624&amp;album=25&amp;gallery=117\"><img loading=\"lazy\" decoding=\"async\" class=\"size-medium wp-image-1761  alignleft\" title=\"SS Zborov  22.12.2012\" src=\"http:\/\/LegendMTBclub.cz\/wp-content\/uploads\/2012\/01\/IMG_0386-400x300.jpg\" alt=\"\" width=\"288\" height=\"216\" \/><\/a><\/p>\n<p><a href=\"http:\/\/legendmtbclub.cz\/?page_id=1624&amp;album=25&amp;gallery=116\"><img loading=\"lazy\" decoding=\"async\" class=\"size-medium wp-image-1761  alignleft\" title=\"Kosov  9.12.2012\" src=\"http:\/\/LegendMTBclub.cz\/wp-content\/uploads\/2012\/01\/IMG_0372-400x300.jpg\" alt=\"\" width=\"288\" height=\"216\" \/><\/a><\/p>\n<p><a href=\"http:\/\/legendmtbclub.cz\/?page_id=1624&amp;album=24&amp;gallery=115\"><img loading=\"lazy\" decoding=\"async\" class=\"size-medium wp-image-1761  alignleft\" title=\"Single-rider on a Single-Speed Machine  28.11.2012\" src=\"http:\/\/LegendMTBclub.cz\/wp-content\/uploads\/2012\/01\/19-l\u00e1vka-p\u0159es-blanici-400x300.jpg\" alt=\"\" width=\"288\" height=\"216\" \/><\/a><\/p>\n<p><a href=\"http:\/\/legendmtbclub.cz\/?page_id=1624&amp;album=24&amp;gallery=114\"><img loading=\"lazy\" decoding=\"async\" class=\"size-medium wp-image-1761  alignleft\" title=\"Z\u00e1v\u011br sezony 2012 17.11.2012\" src=\"http:\/\/LegendMTBclub.cz\/wp-content\/uploads\/2012\/11\/IMG_0316-400x300.jpg\" alt=\"\" width=\"288\" height=\"216\" \/><\/a><\/p>\n<p><a href=\"http:\/\/legendmtbclub.cz\/?page_id=1624&amp;album=24&amp;gallery=113\"><img loading=\"lazy\" decoding=\"async\" class=\"size-medium wp-image-1761  alignleft\" title=\"Polu\u0161ka 10.11.2012\" src=\"http:\/\/LegendMTBclub.cz\/wp-content\/uploads\/2012\/01\/IMG_0301-400x300.jpg\" alt=\"\" width=\"288\" height=\"216\" \/><\/a><\/p>\n<p><a href=\"http:\/\/legendmtbclub.cz\/?page_id=1624&amp;album=24&amp;gallery=112\"><img loading=\"lazy\" decoding=\"async\" class=\"size-medium wp-image-1761  alignleft\" title=\"Kolem Kluka na pohodu 3.11.2012\" src=\"http:\/\/LegendMTBclub.cz\/wp-content\/uploads\/2012\/01\/IMG_02651-400x300.jpg\" alt=\"\" width=\"288\" height=\"216\" \/><\/a><\/p>\n<p><a href=\"http:\/\/legendmtbclub.cz\/?page_id=1624&amp;album=23&amp;gallery=111\"><img loading=\"lazy\" decoding=\"async\" class=\"size-medium wp-image-1761  alignleft\" title=\"Posledn\u00ed \u0161l\u00e1pnut\u00ed s Nezmarama 23.10.2012\" src=\"http:\/\/LegendMTBclub.cz\/wp-content\/uploads\/2012\/01\/IMG_0242-400x300.jpg\" alt=\"\" width=\"288\" height=\"216\" \/><\/a><\/p>\n<p><a href=\"http:\/\/legendmtbclub.cz\/?page_id=1624&amp;album=23&amp;gallery=110\"><img loading=\"lazy\" decoding=\"async\" class=\"size-medium wp-image-1761  alignleft\" title=\"Pod Kle\u0165 na singlu 20.10.2012\" src=\"http:\/\/LegendMTBclub.cz\/wp-content\/uploads\/2012\/01\/IMG_0218-400x300.jpg\" alt=\"\" width=\"288\" height=\"216\" \/><\/a><\/p>\n<p><a href=\"http:\/\/legendmtbclub.cz\/?page_id=1624&amp;album=22&amp;gallery=109\"><img loading=\"lazy\" decoding=\"async\" class=\"size-medium wp-image-1761  alignleft\" title=\"\u017didova strouha 29.9.2012\" src=\"http:\/\/LegendMTBclub.cz\/wp-content\/uploads\/2012\/01\/P1040474-400x300.jpg\" alt=\"\" width=\"288\" height=\"216\" \/><\/a><\/p>\n<p><a href=\"http:\/\/legendmtbclub.cz\/?page_id=1624&amp;album=22&amp;gallery=108\"><img loading=\"lazy\" decoding=\"async\" class=\"size-medium wp-image-1761  alignleft\" title=\"Z Bene\u0161ova do P\u00edsku 28.9.- 30.9.2012 od Pavla\" src=\"http:\/\/LegendMTBclub.cz\/wp-content\/uploads\/2012\/01\/Fotografie0571-400x300.jpg\" alt=\"\" width=\"288\" height=\"216\" \/><\/a><\/p>\n<p><a href=\"http:\/\/legendmtbclub.cz\/?page_id=1624&amp;album=22&amp;gallery=107\"><img loading=\"lazy\" decoding=\"async\" class=\"size-medium wp-image-1761  alignleft\" title=\"Z Bene\u0161ova do P\u00edsku 28.9.- 30.9.2012\" src=\"http:\/\/legendmtbclub.cz\/wp-content\/uploads\/2012\/01\/P9290146-400x300.jpg\" alt=\"\" width=\"288\" height=\"216\" \/><\/a><\/p>\n<p><a href=\"http:\/\/legendmtbclub.cz\/?page_id=1624&amp;album=22&amp;gallery=106\"><img loading=\"lazy\" decoding=\"async\" class=\"size-medium wp-image-1761 alignleft\" title=\"Nad Srn\u00ednem 16.9.2012\" src=\"http:\/\/legendmtbclub.cz\/wp-content\/uploads\/2012\/01\/IMG_0177-400x300.jpg\" alt=\"\" width=\"288\" height=\"216\" \/><\/a><\/p>\n<p><a href=\"http:\/\/legendmtbclub.cz\/?page_id=1624&amp;album=22&amp;gallery=105\"><img loading=\"lazy\" decoding=\"async\" class=\"size-medium wp-image-1761 alignleft\" title=\"Na Vysokou B\u011btu 8.9.2012\" src=\"http:\/\/legendmtbclub.cz\/wp-content\/uploads\/2012\/01\/IMG_0125-400x300.jpg\" alt=\"\" width=\"288\" height=\"216\" \/><\/a><\/p>\n<p><a href=\"http:\/\/legendmtbclub.cz\/?page_id=1624&amp;album=22&amp;gallery=104\"><img loading=\"lazy\" decoding=\"async\" class=\"size-medium wp-image-1761 alignleft\" title=\"Kle\u0165 na singlu 3.9.2012\" src=\"http:\/\/legendmtbclub.cz\/wp-content\/uploads\/2012\/01\/IMG_0120-400x300.jpg\" alt=\"\" width=\"288\" height=\"216\" \/><\/a><\/p>\n<p><a href=\"http:\/\/legendmtbclub.cz\/?page_id=1624&amp;album=21&amp;gallery=103\"><img loading=\"lazy\" decoding=\"async\" class=\"size-medium wp-image-1761 alignleft\" title=\"N\u00e1vrat na Polu\u0161ku 5.8.2012\" src=\"http:\/\/legendmtbclub.cz\/wp-content\/uploads\/2012\/01\/IMG_0087-400x300.jpg\" alt=\"\" width=\"288\" height=\"216\" \/><\/a><\/p>\n<p><a href=\"http:\/\/legendmtbclub.cz\/?page_id=1624&amp;album=20&amp;gallery=102\"><img loading=\"lazy\" decoding=\"async\" class=\"size-medium wp-image-1761 alignleft\" title=\"100 mil singlespeed 31.7.2012\" src=\"http:\/\/legendmtbclub.cz\/wp-content\/uploads\/2012\/01\/IMG_0024-400x300.jpg\" alt=\"\" width=\"288\" height=\"216\" \/><\/a><\/p>\n<p><a href=\"http:\/\/legendmtbclub.cz\/?page_id=1624&amp;album=20&amp;gallery=101\"><img loading=\"lazy\" decoding=\"async\" class=\"size-medium wp-image-1761 alignleft\" title=\"Sm\u011br Polu\u0161ka 15.7.2012\" src=\"http:\/\/legendmtbclub.cz\/wp-content\/uploads\/2012\/01\/IMG_1670-400x300.jpg\" alt=\"\" width=\"288\" height=\"216\" \/><\/a><\/p>\n<p><a href=\"http:\/\/legendmtbclub.cz\/?page_id=1624&amp;album=19&amp;gallery=100\"><img loading=\"lazy\" decoding=\"async\" class=\"size-medium wp-image-1761 alignleft\" title=\"V\u00edkend v Zell am See 28.6. a\u017e 1.7.2012\" src=\"http:\/\/legendmtbclub.cz\/wp-content\/uploads\/2012\/01\/IMG_5008-400x300.jpg\" alt=\"\" width=\"288\" height=\"216\" \/><\/a><\/p>\n<p><a href=\"http:\/\/legendmtbclub.cz\/?page_id=1624&amp;album=19&amp;gallery=99\"><img loading=\"lazy\" decoding=\"async\" class=\"size-medium wp-image-1761 alignleft\" title=\"T\u011bsn\u011b p\u0159ed bou\u0159kou 20.6.2012\" src=\"http:\/\/legendmtbclub.cz\/wp-content\/uploads\/2012\/01\/IMG_4882-400x300.jpg\" alt=\"\" width=\"288\" height=\"216\" \/><\/a><\/p>\n<p><a href=\"http:\/\/legendmtbclub.cz\/?page_id=1624&amp;album=19&amp;gallery=98\"><img loading=\"lazy\" decoding=\"async\" class=\"size-medium wp-image-1761 alignleft\" title=\"Triatlon 15.6.2012\" src=\"http:\/\/legendmtbclub.cz\/wp-content\/uploads\/2012\/01\/IMG_4827-400x300.jpg\" alt=\"\" width=\"288\" height=\"216\" \/><\/a><\/p>\n<p><a href=\"http:\/\/legendmtbclub.cz\/?page_id=1624&amp;album=19&amp;gallery=97\"><img loading=\"lazy\" decoding=\"async\" class=\"size-medium wp-image-1761 alignleft\" title=\"De\u0161tiv\u00fd Trocnov 9.6.2012\" src=\"http:\/\/legendmtbclub.cz\/wp-content\/uploads\/2012\/01\/09062012082-400x300.jpg\" alt=\"\" width=\"288\" height=\"216\" \/><\/a><\/p>\n<p><a href=\"http:\/\/legendmtbclub.cz\/?page_id=1624&amp;album=19&amp;gallery=96\"><img loading=\"lazy\" decoding=\"async\" class=\"size-medium wp-image-1761 alignleft\" title=\"St\u0159eda a stezky 6.6.2012\" src=\"http:\/\/legendmtbclub.cz\/wp-content\/uploads\/2012\/01\/IMG_4806-400x300.jpg\" alt=\"\" width=\"288\" height=\"216\" \/><\/a><\/p>\n<p><a href=\"http:\/\/legendmtbclub.cz\/?page_id=1624&amp;album=18&amp;gallery=95\"><img loading=\"lazy\" decoding=\"async\" class=\"size-medium wp-image-1761 alignleft\" title=\"100 mil Jirka 26.5.2012\" src=\"http:\/\/legendmtbclub.cz\/wp-content\/uploads\/2012\/01\/P5260127.jpg\" alt=\"\" width=\"288\" height=\"216\" \/><\/a><\/p>\n<p><a href=\"http:\/\/legendmtbclub.cz\/?page_id=1624&amp;album=18&amp;gallery=94\"><img loading=\"lazy\" decoding=\"async\" class=\"size-medium wp-image-1761 alignleft\" title=\"100 mil 26.5.2012\" src=\"http:\/\/legendmtbclub.cz\/wp-content\/uploads\/2012\/01\/IMG_4739-400x300.jpg\" alt=\"\" width=\"288\" height=\"216\" \/><\/a><\/p>\n<p><a href=\"http:\/\/legendmtbclub.cz\/?page_id=1624&amp;album=18&amp;gallery=93\"><img loading=\"lazy\" decoding=\"async\" class=\"size-medium wp-image-1761 alignleft\" title=\"Kuklov 19.5.2012\" src=\"http:\/\/legendmtbclub.cz\/wp-content\/uploads\/2012\/01\/IMG_4727-400x300.jpg\" alt=\"\" width=\"288\" height=\"216\" \/><\/a><\/p>\n<p><a href=\"http:\/\/legendmtbclub.cz\/?page_id=1624&amp;album=18&amp;gallery=92\"><img loading=\"lazy\" decoding=\"async\" class=\"size-medium wp-image-1761 alignleft\" title=\"Pokus o p\u0159e\u017eit\u00ed 12.5.2012\" src=\"http:\/\/legendmtbclub.cz\/wp-content\/uploads\/2012\/01\/IMG_4697-400x300.jpg\" alt=\"\" width=\"288\" height=\"216\" \/><\/a><\/p>\n<p><a href=\"http:\/\/legendmtbclub.cz\/?page_id=1624&amp;album=18&amp;gallery=91\"><img loading=\"lazy\" decoding=\"async\" class=\"size-medium wp-image-1761 alignleft\" title=\"Z Husince na Bob\u00edk a Lib\u00edn 5.5.2012\" src=\"http:\/\/legendmtbclub.cz\/wp-content\/uploads\/2012\/01\/IMG_4664-400x300.jpg\" alt=\"\" width=\"288\" height=\"216\" \/><\/a><\/p>\n<p><a href=\"http:\/\/legendmtbclub.cz\/?page_id=1624&amp;album=18&amp;gallery=90\"><img loading=\"lazy\" decoding=\"async\" class=\"size-medium wp-image-1761 alignleft\" title=\"Z T\u00e1bora pod\u00e9l Lu\u017enice 3.5.2012\" src=\"http:\/\/legendmtbclub.cz\/wp-content\/uploads\/2012\/01\/P5030059-400x300.jpg\" alt=\"\" width=\"288\" height=\"216\" \/><\/a><\/p>\n<p><a href=\"http:\/\/legendmtbclub.cz\/?page_id=1624&amp;album=17&amp;gallery=89\"><img loading=\"lazy\" decoding=\"async\" class=\"size-medium wp-image-1761 alignleft\" title=\"Z Nov\u00fdch Hrad\u016f dom\u016f 29.4.2012\" src=\"http:\/\/legendmtbclub.cz\/wp-content\/uploads\/2012\/01\/IMG_4625-400x300.jpg\" alt=\"\" width=\"288\" height=\"216\" \/><\/a><\/p>\n<p><a href=\"http:\/\/legendmtbclub.cz\/?page_id=1624&amp;album=17&amp;gallery=88\"><img loading=\"lazy\" decoding=\"async\" class=\"size-medium wp-image-1761 alignleft\" title=\"Odpoledn\u00ed Kluk 25.4.2012\" src=\"http:\/\/legendmtbclub.cz\/wp-content\/uploads\/2012\/01\/IMG_4606-400x300.jpg\" alt=\"\" width=\"288\" height=\"216\" \/><\/a><\/p>\n<p><a href=\"http:\/\/legendmtbclub.cz\/?page_id=1624&amp;album=17&amp;gallery=87\"><img loading=\"lazy\" decoding=\"async\" class=\"size-medium wp-image-1761 alignleft\" title=\"Z Rybn\u00edka kolem Mal\u0161e a \u010cern\u00e1 22.4.2012\" src=\"http:\/\/legendmtbclub.cz\/wp-content\/uploads\/2012\/01\/IMG_4580-400x300.jpg\" alt=\"\" width=\"288\" height=\"216\" \/><\/a><\/p>\n<p><a href=\"http:\/\/legendmtbclub.cz\/?page_id=1624&amp;album=17&amp;gallery=86\"><img loading=\"lazy\" decoding=\"async\" class=\"size-medium wp-image-1761 alignleft\" title=\"Chladn\u00e1 st\u0159eda 18.4.2012\" src=\"http:\/\/legendmtbclub.cz\/wp-content\/uploads\/2012\/01\/IMG_4555-400x300.jpg\" alt=\"\" width=\"288\" height=\"216\" \/><\/a><\/p>\n<p><a href=\"http:\/\/legendmtbclub.cz\/?page_id=1624&amp;album=17&amp;gallery=84\"><img loading=\"lazy\" decoding=\"async\" class=\"size-medium wp-image-1761 alignleft\" title=\"Testovac\u00ed v\u00edkend Legendbike 15.4.2012\" src=\"http:\/\/legendmtbclub.cz\/wp-content\/uploads\/2012\/01\/IMG_4548-400x300.jpg\" alt=\"\" width=\"288\" height=\"216\" \/><\/a><\/p>\n<p><a href=\"http:\/\/legendmtbclub.cz\/?page_id=1624&amp;album=17&amp;gallery=83\"><img loading=\"lazy\" decoding=\"async\" class=\"size-medium wp-image-1761 alignleft\" title=\"Doudleby 9.4.2012\" src=\"http:\/\/legendmtbclub.cz\/wp-content\/uploads\/2012\/01\/IMG_4522-400x300.jpg\" alt=\"\" width=\"288\" height=\"216\" \/><\/a><\/p>\n<p><a href=\"http:\/\/legendmtbclub.cz\/?page_id=1624&amp;album=17&amp;gallery=82\"><img loading=\"lazy\" decoding=\"async\" class=\"size-medium wp-image-1761 alignleft\" title=\"Hos\u00edn a okol\u00ed 4.4.2012\" src=\"http:\/\/legendmtbclub.cz\/wp-content\/uploads\/2012\/01\/IMG_4511-400x300.jpg\" alt=\"\" width=\"288\" height=\"216\" \/><\/a><\/p>\n<p><a href=\"http:\/\/legendmtbclub.cz\/?page_id=1624&amp;album=16&amp;gallery=81\"><img loading=\"lazy\" decoding=\"async\" class=\"size-medium wp-image-1761 alignleft\" title=\"Pod\u00e9l Mal\u0161e 25.3.2012\" src=\"http:\/\/legendmtbclub.cz\/wp-content\/uploads\/2012\/01\/IMG_4456-400x300.jpg\" alt=\"\" width=\"288\" height=\"216\" \/><\/a><\/p>\n<p><a href=\"http:\/\/legendmtbclub.cz\/?page_id=1624&amp;album=16&amp;gallery=80\"><img loading=\"lazy\" decoding=\"async\" class=\"size-medium wp-image-1761 alignleft\" title=\"Mal\u00fd okruh 18.3.2012\" src=\"http:\/\/legendmtbclub.cz\/wp-content\/uploads\/2012\/01\/P1060837-400x300.jpg\" alt=\"\" width=\"288\" height=\"216\" \/><\/a><\/p>\n<p><a href=\"http:\/\/legendmtbclub.cz\/?page_id=1624&amp;album=16&amp;gallery=79\"><img loading=\"lazy\" decoding=\"async\" class=\"size-medium wp-image-1761 alignleft\" title=\"Okol\u00ed Nov\u00e9 Vsi 14.3.2012\" src=\"http:\/\/legendmtbclub.cz\/wp-content\/uploads\/2012\/01\/IMG_4388-400x300.jpg\" alt=\"\" width=\"288\" height=\"216\" \/><\/a><\/p>\n<p><a href=\"http:\/\/legendmtbclub.cz\/?page_id=1624&amp;album=16&amp;gallery=78\"><img loading=\"lazy\" decoding=\"async\" class=\"size-medium wp-image-1761 alignleft\" title=\"D\u00edv\u010d\u00ed K\u00e1men 11.3.2012\" src=\"http:\/\/legendmtbclub.cz\/wp-content\/uploads\/2012\/01\/IMG_4375-400x300.jpg\" alt=\"\" width=\"288\" height=\"216\" \/><\/a><\/p>\n<p><a href=\"http:\/\/legendmtbclub.cz\/?page_id=1624&amp;album=16&amp;gallery=77\"><img loading=\"lazy\" decoding=\"async\" class=\"size-medium wp-image-1761 alignleft\" title=\"Hos\u00edn v noci 7.3.2012\" src=\"http:\/\/legendmtbclub.cz\/wp-content\/uploads\/2012\/01\/IMG_4369-400x300.jpg\" alt=\"\" width=\"288\" height=\"216\" \/><\/a><\/p>\n<p><a href=\"http:\/\/legendmtbclub.cz\/?page_id=1624&amp;album=16&amp;gallery=76\"><img loading=\"lazy\" decoding=\"async\" class=\"size-medium wp-image-1761 alignleft\" title=\"Svat\u00fd Jan 4.3.2012\" src=\"http:\/\/legendmtbclub.cz\/wp-content\/uploads\/2012\/01\/IMG_4353-400x300.jpg\" alt=\"\" width=\"288\" height=\"216\" \/><\/a><\/p>\n<p><a href=\"http:\/\/legendmtbclub.cz\/?page_id=1624&amp;album=16&amp;gallery=75\"><img loading=\"lazy\" decoding=\"async\" class=\"size-medium wp-image-1761 alignleft\" title=\"Singlespeedov\u00e1 sobota 3.3.2012\" src=\"http:\/\/legendmtbclub.cz\/wp-content\/uploads\/2012\/01\/IMG_4326-400x300.jpg\" alt=\"\" width=\"288\" height=\"216\" \/><\/a><\/p>\n<p><a href=\"http:\/\/legendmtbclub.cz\/?page_id=1624&amp;album=16&amp;gallery=74\"><img loading=\"lazy\" decoding=\"async\" class=\"size-medium wp-image-1761 alignleft\" title=\"P\u00e1te\u010dn\u00ed v\u00fdlet 2.3.2012\" src=\"http:\/\/legendmtbclub.cz\/wp-content\/uploads\/2012\/01\/IMG_4308-400x300.jpg\" alt=\"\" width=\"288\" height=\"216\" \/><\/a><\/p>\n<p><a href=\"http:\/\/legendmtbclub.cz\/?page_id=1624&amp;album=15&amp;gallery=73\"><img loading=\"lazy\" decoding=\"async\" class=\"size-medium wp-image-1761 alignleft\" title=\"Purkarec 25.2.2012\" src=\"http:\/\/legendmtbclub.cz\/wp-content\/uploads\/2012\/01\/IMG_4288-400x300.jpg\" alt=\"\" width=\"288\" height=\"216\" \/><\/a><\/p>\n<p><a href=\"http:\/\/legendmtbclub.cz\/?page_id=1624&amp;album=15&amp;gallery=72\"><img loading=\"lazy\" decoding=\"async\" class=\"size-medium wp-image-1761 alignleft\" title=\"Mraziv\u00e1 no\u010dn\u00ed st\u0159eda 22.2.2012\" src=\"http:\/\/legendmtbclub.cz\/wp-content\/uploads\/2012\/01\/IMG_4271-400x300.jpg\" alt=\"\" width=\"288\" height=\"216\" \/><\/a><\/p>\n<p><a href=\"http:\/\/legendmtbclub.cz\/?page_id=1624&amp;album=15&amp;gallery=71\"><img loading=\"lazy\" decoding=\"async\" class=\"size-medium wp-image-1761 alignleft\" title=\"Sn\u011bhov\u00e1 v\u00e1nice 15.2.2012\" src=\"http:\/\/legendmtbclub.cz\/wp-content\/uploads\/2012\/01\/IMG_4237-400x300.jpg\" alt=\"\" width=\"288\" height=\"216\" \/><\/a><\/p>\n<p><a href=\"http:\/\/legendmtbclub.cz\/?page_id=1624&amp;album=15&amp;gallery=70\"><img loading=\"lazy\" decoding=\"async\" class=\"size-medium wp-image-1761 alignleft\" title=\"Dubn\u00e9 11.2.2012\" src=\"http:\/\/legendmtbclub.cz\/wp-content\/uploads\/2012\/01\/IMG_4221-400x300.jpg\" alt=\"\" width=\"288\" height=\"216\" \/><\/a> <a href=\"http:\/\/legendmtbclub.cz\/?page_id=1624&amp;album=15&amp;gallery=69\"><img loading=\"lazy\" decoding=\"async\" class=\"size-medium wp-image-1761 alignleft\" title=\"Doudleby 4.2.2012\" src=\"http:\/\/legendmtbclub.cz\/wp-content\/uploads\/2012\/01\/IMG_4200-400x300.jpg\" alt=\"\" width=\"288\" height=\"216\" srcset=\"http:\/\/LegendMTBclub.cz\/wp-content\/uploads\/2012\/01\/IMG_4200-400x300.jpg 400w, http:\/\/LegendMTBclub.cz\/wp-content\/uploads\/2012\/01\/IMG_4200.jpg 800w\" sizes=\"auto, (max-width: 288px) 100vw, 288px\" \/><\/a> <a href=\"http:\/\/legendmtbclub.cz\/?page_id=1624&amp;album=14&amp;gallery=68\"><img loading=\"lazy\" decoding=\"async\" class=\"size-medium wp-image-1614 alignleft\" title=\"Koroseky 29.1.2012\" src=\"http:\/\/legendmtbclub.cz\/wp-content\/uploads\/2012\/01\/IMG_4184-400x300.jpg\" alt=\"\" width=\"288\" height=\"216\" \/><\/a> <a href=\"http:\/\/legendmtbclub.cz\/?page_id=1624&amp;album=14&amp;gallery=67\"><img loading=\"lazy\" decoding=\"async\" class=\"size-medium wp-image-1614 alignleft\" title=\"Borovany 22.1.2012\" src=\"http:\/\/legendmtbclub.cz\/wp-content\/uploads\/2012\/01\/IMG_4167-400x300.jpg\" alt=\"\" width=\"288\" height=\"216\" \/><\/a> <a href=\"http:\/\/legendmtbclub.cz\/?page_id=1624&amp;album=14&amp;gallery=66\"><img loading=\"lazy\" decoding=\"async\" class=\"size-medium wp-image-1614 alignleft\" title=\"Rudolfov v noci 18.1.2012\" src=\"http:\/\/legendmtbclub.cz\/wp-content\/uploads\/2012\/01\/IMG_4146-400x300.jpg\" alt=\"\" width=\"288\" height=\"216\" \/><\/a> <a href=\"http:\/\/legendmtbclub.cz\/?page_id=1624&amp;album=14&amp;gallery=65\"><img loading=\"lazy\" decoding=\"async\" class=\"size-medium wp-image-1614 alignleft\" title=\"Doudleby 15.1.2012\" src=\"http:\/\/legendmtbclub.cz\/wp-content\/uploads\/2012\/01\/IMG_4141-400x300.jpg\" alt=\"\" width=\"288\" height=\"216\" srcset=\"http:\/\/LegendMTBclub.cz\/wp-content\/uploads\/2012\/01\/IMG_4141-400x300.jpg 400w, http:\/\/LegendMTBclub.cz\/wp-content\/uploads\/2012\/01\/IMG_4141.jpg 800w\" sizes=\"auto, (max-width: 288px) 100vw, 288px\" \/><\/a><\/p>\n","protected":false},"excerpt":{"rendered":"","protected":false},"author":1,"featured_media":0,"parent":0,"menu_order":0,"comment_status":"closed","ping_status":"open","template":"onecolumn-page.php","meta":{"ngg_post_thumbnail":0,"footnotes":""},"class_list":["post-1612","page","type-page","status-publish","hentry"],"jetpack_sharing_enabled":true,"jetpack_shortlink":"https:\/\/wp.me\/P8w082-q0","_links":{"self":[{"href":"https:\/\/LegendMTBclub.cz\/index.php?rest_route=\/wp\/v2\/pages\/1612","targetHints":{"allow":["GET"]}}],"collection":[{"href":"https:\/\/LegendMTBclub.cz\/index.php?rest_route=\/wp\/v2\/pages"}],"about":[{"href":"https:\/\/LegendMTBclub.cz\/index.php?rest_route=\/wp\/v2\/types\/page"}],"author":[{"embeddable":true,"href":"https:\/\/LegendMTBclub.cz\/index.php?rest_route=\/wp\/v2\/users\/1"}],"replies":[{"embeddable":true,"href":"https:\/\/LegendMTBclub.cz\/index.php?rest_route=%2Fwp%2Fv2%2Fcomments&post=1612"}],"version-history":[{"count":134,"href":"https:\/\/LegendMTBclub.cz\/index.php?rest_route=\/wp\/v2\/pages\/1612\/revisions"}],"predecessor-version":[{"id":1664,"href":"https:\/\/LegendMTBclub.cz\/index.php?rest_route=\/wp\/v2\/pages\/1612\/revisions\/1664"}],"wp:attachment":[{"href":"https:\/\/LegendMTBclub.cz\/index.php?rest_route=%2Fwp%2Fv2%2Fmedia&parent=1612"}],"curies":[{"name":"wp","href":"https:\/\/api.w.org\/{rel}","templated":true}]}}