{"id":7082,"date":"2016-02-05T19:36:00","date_gmt":"2016-02-05T18:36:00","guid":{"rendered":"http:\/\/LegendMTBclub.cz\/?page_id=7082"},"modified":"2016-12-08T14:44:53","modified_gmt":"2016-12-08T13:44:53","slug":"uchyt-na-riditka","status":"publish","type":"page","link":"http:\/\/LegendMTBclub.cz\/?page_id=7082","title":{"rendered":"\u00dachyt na \u0159id\u00edtka"},"content":{"rendered":"<p>\u00dachyt na \u0159id\u00edtka slou\u017e\u00ed na p\u0159ev\u00e1\u017een\u00ed spac\u00e1ku, karimatky a podobn\u00fdch nezbytn\u00fdch v\u011bc\u00ed pro va\u0161e putov\u00e1n\u00ed. Doporu\u010dujeme kombinaci s nepromokav\u00fdmi lodn\u00edmi pytli.<\/p>\n<p>Rozm\u011br 350 x 350<\/p>\n<p>Cena \u00fachytu je bez p\u0159edn\u00ed kapsy.<\/p>\n<hr>\n<div id=\"attachment_11232\" style=\"width: 160px\" class=\"wp-caption alignleft\"><a href=\"http:\/\/LegendMTBclub.cz\/wp-content\/uploads\/2016\/02\/uchy.jpg\"><img loading=\"lazy\" decoding=\"async\" aria-describedby=\"caption-attachment-11232\" class=\"wp-image-11232 size-thumbnail\" title=\"\u010dern\u00e9 proveden\u00ed\" src=\"http:\/\/LegendMTBclub.cz\/wp-content\/uploads\/2016\/02\/uchy-150x150.jpg\" alt=\"uchyt\" width=\"150\" height=\"150\"><\/a><p id=\"caption-attachment-11232\" class=\"wp-caption-text\">\u010cern\u00e9 proveden\u00ed<\/p><\/div>\n<div id=\"attachment_11233\" style=\"width: 160px\" class=\"wp-caption alignleft\"><a href=\"http:\/\/LegendMTBclub.cz\/wp-content\/uploads\/2016\/02\/uchy_rub.jpg\"><img loading=\"lazy\" decoding=\"async\" aria-describedby=\"caption-attachment-11233\" class=\"wp-image-11233 size-thumbnail\" title=\"Vnit\u0159n\u00ed strana \u00fachytu\" src=\"http:\/\/LegendMTBclub.cz\/wp-content\/uploads\/2016\/02\/uchy_rub-150x150.jpg\" alt=\"uchy_rub\" width=\"150\" height=\"150\"><\/a><p id=\"caption-attachment-11233\" class=\"wp-caption-text\">Vnit\u0159n\u00ed strana \u00fachytu<\/p><\/div>\n<div id=\"attachment_11234\" style=\"width: 160px\" class=\"wp-caption alignleft\"><a href=\"http:\/\/LegendMTBclub.cz\/wp-content\/uploads\/2016\/02\/uchyt_hotovo.jpg\"><img loading=\"lazy\" decoding=\"async\" aria-describedby=\"caption-attachment-11234\" class=\"wp-image-11234 size-thumbnail\" title=\"\u010cerven\u00e9 pro\u0161it\u00ed.\" src=\"http:\/\/LegendMTBclub.cz\/wp-content\/uploads\/2016\/02\/uchyt_hotovo-150x150.jpg\" alt=\"uchyt_hotovo\" width=\"150\" height=\"150\"><\/a><p id=\"caption-attachment-11234\" class=\"wp-caption-text\">\u010cerven\u00e9 pro\u0161it\u00ed.<\/p><\/div>\n<div id=\"attachment_11057\" style=\"width: 160px\" class=\"wp-caption alignleft\"><a href=\"http:\/\/LegendMTBclub.cz\/wp-content\/uploads\/2016\/02\/Kapsi\u010dka_1.jpg\" rel=\"attachment wp-att-11057\"><img loading=\"lazy\" decoding=\"async\" aria-describedby=\"caption-attachment-11057\" class=\"wp-image-11057 size-thumbnail\" title=\"Kapsa standardn\u00ed.\" src=\"http:\/\/LegendMTBclub.cz\/wp-content\/uploads\/2016\/02\/Kapsi\u010dka_1-150x150.jpg\" alt=\"Kapsi\u010dka\" width=\"150\" height=\"150\"><\/a><p id=\"caption-attachment-11057\" class=\"wp-caption-text\">Kapsa standardn\u00ed.<\/p><\/div>\n<div id=\"attachment_11381\" style=\"width: 160px\" class=\"wp-caption alignleft\"><a href=\"http:\/\/LegendMTBclub.cz\/wp-content\/uploads\/2016\/02\/Vlajka1.jpg\"><img loading=\"lazy\" decoding=\"async\" aria-describedby=\"caption-attachment-11381\" class=\"wp-image-11381 size-thumbnail\" title=\"Zak\u00e1zkov\u00e1 kapsa.\" src=\"http:\/\/LegendMTBclub.cz\/wp-content\/uploads\/2016\/02\/Vlajka1-150x150.jpg\" alt=\"vlajka1\" width=\"150\" height=\"150\"><\/a><p id=\"caption-attachment-11381\" class=\"wp-caption-text\">Zak\u00e1zkov\u00e1 kapsa.<\/p><\/div>\n<hr>\n<p><a href=\"http:\/\/LegendMTBclub.cz\/wp-content\/uploads\/2016\/02\/predni_uchyt.jpg\" rel=\"attachment wp-att-7084\"><img loading=\"lazy\" decoding=\"async\" class=\"wp-image-7084 size-thumbnail alignleft\" src=\"http:\/\/LegendMTBclub.cz\/wp-content\/uploads\/2016\/02\/predni_uchyt-150x150.jpg\" alt=\"predni_uchyt\" width=\"150\" height=\"150\"><\/a><a href=\"http:\/\/LegendMTBclub.cz\/wp-content\/uploads\/2016\/02\/Isb2015_odjezd.jpg\" rel=\"attachment wp-att-7085\"><img loading=\"lazy\" decoding=\"async\" class=\"wp-image-7085 size-thumbnail alignleft\" src=\"http:\/\/LegendMTBclub.cz\/wp-content\/uploads\/2016\/02\/Isb2015_odjezd-150x150.jpg\" alt=\"Isb2015_odjezd\" width=\"150\" height=\"150\"><\/a><a href=\"http:\/\/LegendMTBclub.cz\/wp-content\/uploads\/2016\/02\/uchyt.jpg\" rel=\"attachment wp-att-11062\"><img loading=\"lazy\" decoding=\"async\" class=\"size-thumbnail wp-image-11062 alignleft\" src=\"http:\/\/LegendMTBclub.cz\/wp-content\/uploads\/2016\/02\/uchyt-150x150.jpg\" alt=\"uchyt\" width=\"150\" height=\"150\"><\/a><\/p>\n","protected":false},"excerpt":{"rendered":"<p>\u00dachyt na \u0159id\u00edtka slou\u017e\u00ed na p\u0159ev\u00e1\u017een\u00ed spac\u00e1ku, karimatky a podobn\u00fdch nezbytn\u00fdch v\u011bc\u00ed pro va\u0161e putov\u00e1n\u00ed. Doporu\u010dujeme kombinaci s nepromokav\u00fdmi lodn\u00edmi pytli. Rozm\u011br 350 x 350 Cena \u00fachytu je bez p\u0159edn\u00ed kapsy.<\/p>\n","protected":false},"author":1,"featured_media":7083,"parent":6242,"menu_order":0,"comment_status":"closed","ping_status":"closed","template":"onecolumn-page.php","meta":{"ngg_post_thumbnail":0,"footnotes":""},"class_list":["post-7082","page","type-page","status-publish","has-post-thumbnail","hentry"],"jetpack_sharing_enabled":true,"jetpack_shortlink":"https:\/\/wp.me\/P8w082-1Qe","_links":{"self":[{"href":"http:\/\/LegendMTBclub.cz\/index.php?rest_route=\/wp\/v2\/pages\/7082","targetHints":{"allow":["GET"]}}],"collection":[{"href":"http:\/\/LegendMTBclub.cz\/index.php?rest_route=\/wp\/v2\/pages"}],"about":[{"href":"http:\/\/LegendMTBclub.cz\/index.php?rest_route=\/wp\/v2\/types\/page"}],"author":[{"embeddable":true,"href":"http:\/\/LegendMTBclub.cz\/index.php?rest_route=\/wp\/v2\/users\/1"}],"replies":[{"embeddable":true,"href":"http:\/\/LegendMTBclub.cz\/index.php?rest_route=%2Fwp%2Fv2%2Fcomments&post=7082"}],"version-history":[{"count":22,"href":"http:\/\/LegendMTBclub.cz\/index.php?rest_route=\/wp\/v2\/pages\/7082\/revisions"}],"predecessor-version":[{"id":11801,"href":"http:\/\/LegendMTBclub.cz\/index.php?rest_route=\/wp\/v2\/pages\/7082\/revisions\/11801"}],"up":[{"embeddable":true,"href":"http:\/\/LegendMTBclub.cz\/index.php?rest_route=\/wp\/v2\/pages\/6242"}],"wp:featuredmedia":[{"embeddable":true,"href":"http:\/\/LegendMTBclub.cz\/index.php?rest_route=\/wp\/v2\/media\/7083"}],"wp:attachment":[{"href":"http:\/\/LegendMTBclub.cz\/index.php?rest_route=%2Fwp%2Fv2%2Fmedia&parent=7082"}],"curies":[{"name":"wp","href":"https:\/\/api.w.org\/{rel}","templated":true}]}}