{"id":6,"date":"2011-02-08T21:31:59","date_gmt":"2011-02-08T21:31:59","guid":{"rendered":"http:\/\/legendmtbclub.cz\/?page_id=6"},"modified":"2015-01-29T22:41:17","modified_gmt":"2015-01-29T21:41:17","slug":"neco-o-nas","status":"publish","type":"page","link":"http:\/\/LegendMTBclub.cz\/?page_id=6","title":{"rendered":"N\u011bco o n\u00e1s"},"content":{"rendered":"<div>\n<p><strong>O klubu<\/strong><br \/>\nJsme skupina MTB nad\u0161enc\u016f, kte\u0159\u00ed se ji\u017e del\u0161\u00ed dobu pohybuj\u00ed kolem kol v\u0161eho druhu.<br \/>\nOrganizujeme r\u016fzn\u00e9 celodenn\u00ed v\u00fdlety do okol\u00ed \u010cesk\u00fdch Bud\u011bjovic. Jezd\u00edme v bl\u00edzk\u00e9m i vzd\u00e1len\u00e9m okol\u00ed a chceme v\u00e1m nab\u00eddnout mo\u017enost z\u00fa\u010dastnit se na\u0161ich akc\u00ed.<br \/>\n<strong> Vyj\u00ed\u017e\u010fky<\/strong><br \/>\nP\u0159ipravujeme akce na ka\u017edou sobotu nebo ned\u011bli, v p\u0159\u00edpad\u011b z\u00e1jmu\u00a0\u00a0jezd\u00edme ve \u00fater\u00fd po pr\u00e1ci, nebo no\u010dn\u00ed j\u00edzdy . R\u00e1di bychom\u00a0\u00a0jezdili za ka\u017ed\u00e9ho po\u010das\u00ed.\u00a0Vyj\u00ed\u017ed\u00edme \u00a0z centra \u010cesk\u00fdch Bud\u011bjovic &#8211; od Hocha &#8211; ( u Dlouh\u00e9ho mostu), nebo \u00a0podle napl\u00e1novan\u00e9 \u00a0trasy.\u00a0Na\u0161im c\u00edlem jsou okoln\u00ed kope\u010dky, jako Lib\u00edn, Kohout, Polu\u0161ka, Kle\u0165, Vysok\u00e1 B\u011bta,\u00a0Krav\u00ed hora v Novohradsk\u00fdch hor\u00e1ch, oblast Lipenska, \u010ceskokrumlovska atd.\u00a0Tempo v\u00fdletu se p\u0159izp\u016fsobuje nejslab\u0161\u00edmu \u010dlenu akce.<br \/>\n<strong> Pravidla<\/strong><br \/>\nK \u00a0j\u00edzd\u011b pou\u017e\u00edv\u00e1me kola, kter\u00e9 jsou v dobr\u00e9m technick\u00e9m stavu. P\u0159ilba povinn\u00e1.<br \/>\nDoporu\u010dujeme : n\u00e1hradn\u00ed oble\u010den\u00ed oble\u010den\u00ed, pit\u00ed a energetick\u00e9 ty\u010dinky na cestu, z\u00e1kladn\u00ed n\u00e1\u0159ad\u00ed a n\u00e1hradn\u00ed du\u0161i, pen\u00edze na ob\u010derstven\u00ed. Na no\u010dn\u00ed j\u00edzdy nutn\u00e9 po\u0159\u00e1dn\u00e9 osv\u011btlen\u00ed.<br \/>\nKa\u017ed\u00fd \u00fa\u010dastn\u00edk akce je zodpov\u011bdn\u00fd za sv\u00e9 jedn\u00e1n\u00ed.<br \/>\nVedouc\u00ed akce neodpov\u00edd\u00e1 za \u0161kody na zdrav\u00ed nebo majetku zp\u016fsoben\u00e9 \u00fa\u010dastn\u00edky akce.<br \/>\n\u00da\u010dast\u00ed na na\u0161\u00ed spole\u010dn\u00e9 vyj\u00ed\u017e\u010fce, d\u00e1v\u00e1te svolen\u00ed ke zve\u0159ejn\u011bn\u00ed va\u0161ich mo\u017en\u00fdch fotografi\u00ed na na\u0161ich webov\u00fdch str\u00e1nk\u00e1ch.<br \/>\nV p\u0159\u00edpad\u011b va\u0161eho z\u00e1jmu se m\u016f\u017eete informovat \u00a0E-mailem nebo na telefonn\u00edm \u010d\u00edsle uveden\u00e9 v kontaktech .<br \/>\nPotvrzen\u00ed \u00fa\u010dasti na vyj\u00ed\u017e\u010fce po\u0161lete pros\u00edm ve\u010der p\u0159ed akc\u00ed na E-mail.<\/p>\n<p><img loading=\"lazy\" decoding=\"async\" class=\"size-full wp-image-42 aligncenter\" title=\"hlavicka3\" alt=\"\" src=\"http:\/\/legendmtbclub.cz\/wp-content\/uploads\/2011\/02\/hlavicka3.bmp\" width=\"585\" height=\"60\" \/><\/p>\n<\/div>\n","protected":false},"excerpt":{"rendered":"<p>O klubu Jsme skupina MTB nad\u0161enc\u016f, kte\u0159\u00ed se ji\u017e del\u0161\u00ed dobu pohybuj\u00ed kolem kol v\u0161eho druhu. Organizujeme r\u016fzn\u00e9 celodenn\u00ed v\u00fdlety do okol\u00ed \u010cesk\u00fdch Bud\u011bjovic. Jezd\u00edme v bl\u00edzk\u00e9m i vzd\u00e1len\u00e9m okol\u00ed a chceme v\u00e1m nab\u00eddnout mo\u017enost z\u00fa\u010dastnit se na\u0161ich akc\u00ed. Vyj\u00ed\u017e\u010fky &hellip; <a href=\"http:\/\/LegendMTBclub.cz\/?page_id=6\">Cel\u00fd p\u0159\u00edsp\u011bvek <span class=\"meta-nav\">&rarr;<\/span><\/a><\/p>\n","protected":false},"author":1,"featured_media":0,"parent":0,"menu_order":0,"comment_status":"open","ping_status":"closed","template":"","meta":{"ngg_post_thumbnail":0,"footnotes":""},"class_list":["post-6","page","type-page","status-publish","hentry"],"jetpack_sharing_enabled":true,"jetpack_shortlink":"https:\/\/wp.me\/P8w082-6","_links":{"self":[{"href":"http:\/\/LegendMTBclub.cz\/index.php?rest_route=\/wp\/v2\/pages\/6","targetHints":{"allow":["GET"]}}],"collection":[{"href":"http:\/\/LegendMTBclub.cz\/index.php?rest_route=\/wp\/v2\/pages"}],"about":[{"href":"http:\/\/LegendMTBclub.cz\/index.php?rest_route=\/wp\/v2\/types\/page"}],"author":[{"embeddable":true,"href":"http:\/\/LegendMTBclub.cz\/index.php?rest_route=\/wp\/v2\/users\/1"}],"replies":[{"embeddable":true,"href":"http:\/\/LegendMTBclub.cz\/index.php?rest_route=%2Fwp%2Fv2%2Fcomments&post=6"}],"version-history":[{"count":18,"href":"http:\/\/LegendMTBclub.cz\/index.php?rest_route=\/wp\/v2\/pages\/6\/revisions"}],"predecessor-version":[{"id":4573,"href":"http:\/\/LegendMTBclub.cz\/index.php?rest_route=\/wp\/v2\/pages\/6\/revisions\/4573"}],"wp:attachment":[{"href":"http:\/\/LegendMTBclub.cz\/index.php?rest_route=%2Fwp%2Fv2%2Fmedia&parent=6"}],"curies":[{"name":"wp","href":"https:\/\/api.w.org\/{rel}","templated":true}]}}