{"id":4541,"date":"2015-01-04T23:16:47","date_gmt":"2015-01-04T22:16:47","guid":{"rendered":"http:\/\/LegendMTBclub.cz\/?page_id=4541"},"modified":"2016-01-03T21:32:53","modified_gmt":"2016-01-03T20:32:53","slug":"fotogalerie-2015-2","status":"publish","type":"page","link":"http:\/\/LegendMTBclub.cz\/?page_id=4541","title":{"rendered":"Fotogalerie 2015"},"content":{"rendered":"<hr \/>\n<p><a href=\"http:\/\/legendmtbclub.cz\/index.php\/nggallery\/duben-kveten-2015\/31-12-2015?page_id=4537\"><img loading=\"lazy\" decoding=\"async\" class=\"alignleft wp-image-6416 size-medium\" title=\"Posledn\u00ed v\u00fdlet roku 2015\" src=\"http:\/\/LegendMTBclub.cz\/wp-content\/uploads\/2015\/01\/IMG_8782-400x300.jpg\" alt=\"\" width=\"288\" height=\"216\" srcset=\"http:\/\/LegendMTBclub.cz\/wp-content\/uploads\/2015\/01\/IMG_8782-400x300.jpg 400w, http:\/\/LegendMTBclub.cz\/wp-content\/uploads\/2015\/01\/IMG_8782.jpg 800w\" sizes=\"auto, (max-width: 288px) 100vw, 288px\" \/><\/a><\/p>\n<p><a href=\"http:\/\/legendmtbclub.cz\/index.php\/nggallery\/duben-kveten-2015\/28-10-2015_maraton?page_id=4537\"><img loading=\"lazy\" decoding=\"async\" class=\"alignleft wp-image-5137 size-medium\" title=\"Po stop\u00e1ch maratonu 17.10.2015\" src=\"http:\/\/LegendMTBclub.cz\/wp-content\/uploads\/2015\/01\/IMG_8317-400x300.jpg\" alt=\"Po stop\u00e1ch legend\u00e1rn\u00edho maratonu.\" width=\"288\" height=\"216\" srcset=\"http:\/\/LegendMTBclub.cz\/wp-content\/uploads\/2015\/01\/IMG_8317-400x300.jpg 400w, http:\/\/LegendMTBclub.cz\/wp-content\/uploads\/2015\/01\/IMG_8317.jpg 800w\" sizes=\"auto, (max-width: 288px) 100vw, 288px\" \/><\/a><\/p>\n<p><a href=\"http:\/\/legendmtbclub.cz\/index.php\/nggallery\/slideshow?page_id=1624\"><img loading=\"lazy\" decoding=\"async\" class=\" wp-image-1761 alignleft\" title=\"Prvn\u00ed NIGH RIDE 27.10.2015\" src=\"http:\/\/LegendMTBclub.cz\/wp-content\/uploads\/2015\/01\/IMG_8277-400x300.jpg\" alt=\"\" width=\"288\" height=\"216\" \/><\/a><\/p>\n<p><a href=\"http:\/\/legendmtbclub.cz\/index.php\/nggallery\/duben-kveten-2015\/7-10-2015?page_id=4537\" target=\"_blank\"><img loading=\"lazy\" decoding=\"async\" class=\" wp-image-1761 alignleft\" title=\"Testov\u00e1n\u00ed TREK 2016 Singletack pod Smrkem\" src=\"http:\/\/LegendMTBclub.cz\/wp-content\/uploads\/2015\/01\/IMG_8275-400x300.jpg\" alt=\"\" width=\"288\" height=\"216\" \/><\/a><\/p>\n<p><a href=\"http:\/\/legendmtbclub.cz\/index.php\/nggallery\/duben-kveten-2015\/26-27-9-2015_jirka?page_id=4537\" target=\"_blank\"><img loading=\"lazy\" decoding=\"async\" class=\" wp-image-1761 alignleft\" title=\"Bikepacking \u0160umava od Jirky\" src=\"http:\/\/LegendMTBclub.cz\/wp-content\/uploads\/2015\/01\/IMG_20150926_210407-400x300.jpg\" alt=\"\" width=\"288\" height=\"216\" \/><\/a><\/p>\n<p><a href=\"http:\/\/legendmtbclub.cz\/index.php\/nggallery\/duben-kveten-2015\/26-9-2015?page_id=4537\"><img loading=\"lazy\" decoding=\"async\" class=\" wp-image-1761 alignleft\" title=\"Bikepacking \u0160umava 26.-27.9.2015\" src=\"http:\/\/LegendMTBclub.cz\/wp-content\/uploads\/2015\/01\/IMG_8042-400x300.jpg\" alt=\"\" width=\"288\" height=\"216\" \/><\/a><\/p>\n<p><a href=\"http:\/\/legendmtbclub.cz\/index.php\/nggallery\/duben-kveten-2015\/19-9-2015?page_id=4537\"><img loading=\"lazy\" decoding=\"async\" class=\" wp-image-1761 alignleft\" title=\"Lipno 19.9.2015\" src=\"http:\/\/LegendMTBclub.cz\/wp-content\/uploads\/2015\/01\/IMG_7782-400x300.jpg\" alt=\"\" width=\"288\" height=\"216\" \/><\/a><\/p>\n<p><a href=\"http:\/\/legendmtbclub.cz\/index.php\/nggallery\/duben-kveten-2015\/30-5-2015?page_id=4537\"><img loading=\"lazy\" decoding=\"async\" class=\" wp-image-1761 alignleft\" title=\"100 mil Podh\u016f\u0159\u00edm \u0160umavy 2015 30.5.2015 \" src=\"http:\/\/LegendMTBclub.cz\/wp-content\/uploads\/2015\/05\/IMG_2801.jpg\" alt=\"\" width=\"288\" height=\"216\" \/><\/a><\/p>\n<p><a href=\"http:\/\/legendmtbclub.cz\/index.php\/nggallery\/duben-kveten-2015\/25-4-2015?page_id=4537\"><img loading=\"lazy\" decoding=\"async\" class=\" wp-image-1761 alignleft\" title=\"Novohradky a Mal\u0161e 25.4.2015 \" src=\"http:\/\/LegendMTBclub.cz\/wp-content\/uploads\/2015\/01\/IMG_6881-400x300.jpg\" alt=\"\" width=\"288\" height=\"216\" \/><\/a><\/p>\n<p><a href=\"http:\/\/legendmtbclub.cz\/index.php\/nggallery\/duben-kveten-2015\/18-4-2014?page_id=4537\"><img loading=\"lazy\" decoding=\"async\" class=\" wp-image-1761 alignleft\" title=\"Jarn\u00edk a Vysok\u00fd Kam\u00fdk 18.4.2015 \" src=\"http:\/\/LegendMTBclub.cz\/wp-content\/uploads\/2015\/01\/IMG_6825-225x300.jpg\" alt=\"\" width=\"288\" height=\"216\" \/><\/a><\/p>\n<p><a href=\"http:\/\/legendmtbclub.cz\/index.php\/nggallery\/duben-kveten-2015\/14-4-2015?page_id=4537\"><img loading=\"lazy\" decoding=\"async\" class=\" wp-image-1761 alignleft\" title=\"\u00dater\u00fd 14.4.2015 \" src=\"http:\/\/LegendMTBclub.cz\/wp-content\/uploads\/2015\/01\/IMG_2692-400x300.jpg\" alt=\"\" width=\"288\" height=\"216\" \/><\/a><\/p>\n<p><a href=\"http:\/\/legendmtbclub.cz\/index.php\/nggallery\/duben-kveten-2015\/5-4-2015?page_id=4537\"><img loading=\"lazy\" decoding=\"async\" class=\" wp-image-1761 alignleft\" title=\"Kluk 5.4.2015 \" src=\"http:\/\/LegendMTBclub.cz\/wp-content\/uploads\/2015\/01\/IMG_2655-400x300.jpg\" alt=\"\" width=\"288\" height=\"216\" \/><\/a><\/p>\n<p><a href=\"http:\/\/legendmtbclub.cz\/index.php\/nggallery\/brezen-2015\/31-3-2015?page_id=4537\"><img loading=\"lazy\" decoding=\"async\" class=\" wp-image-1761 alignleft\" title=\"Prvn\u00ed denn\u00ed 31.3.2015 \" src=\"http:\/\/LegendMTBclub.cz\/wp-content\/uploads\/2015\/01\/IMG_2634-400x300.jpg\" alt=\"\" width=\"288\" height=\"216\" \/><\/a><\/p>\n<p><a href=\"http:\/\/legendmtbclub.cz\/index.php\/nggallery\/brezen-2015\/24-3-2015?page_id=4537\"><img loading=\"lazy\" decoding=\"async\" class=\" wp-image-1761 alignleft\" title=\"Last Night Ride 24.3.2015 \" src=\"http:\/\/LegendMTBclub.cz\/wp-content\/uploads\/2015\/01\/IMG_2615-400x300.jpg\" alt=\"\" width=\"288\" height=\"216\" \/><\/a><\/p>\n<p><a href=\"http:\/\/legendmtbclub.cz\/index.php\/nggallery\/brezen-2015\/10-3-2013?page_id=4537\"><img loading=\"lazy\" decoding=\"async\" class=\" wp-image-1761 alignleft\" title=\"Night ride 10.3.2015 \" src=\"http:\/\/LegendMTBclub.cz\/wp-content\/uploads\/2015\/01\/IMG_6629-400x300.jpg\" alt=\"\" width=\"288\" height=\"216\" \/><\/a><\/p>\n<p><a href=\"http:\/\/legendmtbclub.cz\/index.php\/nggallery\/unor-2015\/21-2-2015?page_id=4537\"><img loading=\"lazy\" decoding=\"async\" class=\" wp-image-1761 alignleft\" title=\"Trasov\u00e1n\u00ed ob\u011bhu Bud\u011bjc 21.2.2015 \" src=\"http:\/\/LegendMTBclub.cz\/wp-content\/uploads\/2015\/01\/IMG_6570-400x300.jpg\" alt=\"\" width=\"288\" height=\"216\" \/><\/a><\/p>\n<p><a href=\"http:\/\/legendmtbclub.cz\/index.php\/nggallery\/unor-2015\/1-2-2015?page_id=4537\"><img loading=\"lazy\" decoding=\"async\" class=\" wp-image-1761 alignleft\" title=\"Mraziv\u00e9 ned\u011bln\u00ed r\u00e1no 1.2.2015 \" src=\"http:\/\/LegendMTBclub.cz\/wp-content\/uploads\/2015\/01\/IMG_6483-400x300.jpg\" alt=\"\" width=\"288\" height=\"216\" \/><\/a><\/p>\n<p><a href=\"http:\/\/legendmtbclub.cz\/index.php\/nggallery\/leden-2015\/27-1-2015?page_id=4537\"><img loading=\"lazy\" decoding=\"async\" class=\" wp-image-1761 alignleft\" title=\"Night ride 27.1.2015 \" src=\"http:\/\/LegendMTBclub.cz\/wp-content\/uploads\/2015\/01\/IMG_6439-400x300.jpg\" alt=\"\" width=\"288\" height=\"216\" \/><\/a><\/p>\n<p><a href=\"http:\/\/legendmtbclub.cz\/index.php\/nggallery\/leden-2015\/20-1-2015?page_id=4537\"><img loading=\"lazy\" decoding=\"async\" class=\" wp-image-1761 alignleft\" title=\"Night ride 20.1.2015 \" src=\"http:\/\/LegendMTBclub.cz\/wp-content\/uploads\/2015\/01\/IMG_6423-400x300.jpg\" alt=\"\" width=\"288\" height=\"216\" \/><\/a><\/p>\n<p><a href=\"http:\/\/legendmtbclub.cz\/index.php\/nggallery\/unor-2015\/1-2-2015?page_id=4537\"><img loading=\"lazy\" decoding=\"async\" class=\" wp-image-1761 alignleft\" title=\"Night ride 13.1.2015 \" src=\"http:\/\/LegendMTBclub.cz\/wp-content\/uploads\/2015\/01\/IMG_6336-400x300.jpg\" alt=\"\" width=\"288\" height=\"216\" \/><\/a><\/p>\n<p><a href=\"http:\/\/legendmtbclub.cz\/index.php\/nggallery\/leden-2015\/6-1-2015?page_id=4537\"><img loading=\"lazy\" decoding=\"async\" class=\" wp-image-1761 alignleft\" title=\"Prvn\u00ed v\u00fdjezdn\u00ed zased\u00e1n\u00ed 6.1.2015 \" src=\"http:\/\/LegendMTBclub.cz\/wp-content\/uploads\/2015\/01\/IMG_6273-400x300.jpg\" alt=\"\" width=\"288\" height=\"216\" \/><\/a><\/p>\n<p><a href=\"http:\/\/legendmtbclub.cz\/index.php\/nggallery\/leden-2015\/4-1-2015?page_id=4537\"><img loading=\"lazy\" decoding=\"async\" class=\" wp-image-1761 alignleft\" title=\"Poprv\u00e9 ve sn\u011bhu 4.1.2015 \" src=\"http:\/\/LegendMTBclub.cz\/wp-content\/uploads\/2015\/01\/IMG_6101-400x300.jpg\" alt=\"\" width=\"288\" height=\"216\" \/><\/a><\/p>\n","protected":false},"excerpt":{"rendered":"","protected":false},"author":1,"featured_media":0,"parent":0,"menu_order":0,"comment_status":"closed","ping_status":"closed","template":"onecolumn-page.php","meta":{"ngg_post_thumbnail":0,"footnotes":""},"class_list":["post-4541","page","type-page","status-publish","hentry"],"jetpack_sharing_enabled":true,"jetpack_shortlink":"https:\/\/wp.me\/P8w082-1bf","_links":{"self":[{"href":"http:\/\/LegendMTBclub.cz\/index.php?rest_route=\/wp\/v2\/pages\/4541","targetHints":{"allow":["GET"]}}],"collection":[{"href":"http:\/\/LegendMTBclub.cz\/index.php?rest_route=\/wp\/v2\/pages"}],"about":[{"href":"http:\/\/LegendMTBclub.cz\/index.php?rest_route=\/wp\/v2\/types\/page"}],"author":[{"embeddable":true,"href":"http:\/\/LegendMTBclub.cz\/index.php?rest_route=\/wp\/v2\/users\/1"}],"replies":[{"embeddable":true,"href":"http:\/\/LegendMTBclub.cz\/index.php?rest_route=%2Fwp%2Fv2%2Fcomments&post=4541"}],"version-history":[{"count":106,"href":"http:\/\/LegendMTBclub.cz\/index.php?rest_route=\/wp\/v2\/pages\/4541\/revisions"}],"predecessor-version":[{"id":6421,"href":"http:\/\/LegendMTBclub.cz\/index.php?rest_route=\/wp\/v2\/pages\/4541\/revisions\/6421"}],"wp:attachment":[{"href":"http:\/\/LegendMTBclub.cz\/index.php?rest_route=%2Fwp%2Fv2%2Fmedia&parent=4541"}],"curies":[{"name":"wp","href":"https:\/\/api.w.org\/{rel}","templated":true}]}}

<hr />
<p><a href="http://legendmtbclub.cz/index.php/nggallery/duben-kveten-2015/31-12-2015?page_id=4537"><img loading="lazy" decoding="async" class="alignleft wp-image-6416 size-medium" title="Poslední výlet roku 2015" src="http://LegendMTBclub.cz/wp-content/uploads/2015/01/IMG_8782-400x300.jpg" alt="" width="288" height="216" srcset="http://LegendMTBclub.cz/wp-content/uploads/2015/01/IMG_8782-400x300.jpg 400w, http://LegendMTBclub.cz/wp-content/uploads/2015/01/IMG_8782.jpg 800w" sizes="auto, (max-width: 288px) 100vw, 288px" /></a></p>
<p><a href="http://legendmtbclub.cz/index.php/nggallery/duben-kveten-2015/28-10-2015_maraton?page_id=4537"><img loading="lazy" decoding="async" class="alignleft wp-image-5137 size-medium" title="Po stopách maratonu 17.10.2015" src="http://LegendMTBclub.cz/wp-content/uploads/2015/01/IMG_8317-400x300.jpg" alt="Po stopách legendárního maratonu." width="288" height="216" srcset="http://LegendMTBclub.cz/wp-content/uploads/2015/01/IMG_8317-400x300.jpg 400w, http://LegendMTBclub.cz/wp-content/uploads/2015/01/IMG_8317.jpg 800w" sizes="auto, (max-width: 288px) 100vw, 288px" /></a></p>
<p><a href="http://legendmtbclub.cz/index.php/nggallery/slideshow?page_id=1624"><img loading="lazy" decoding="async" class=" wp-image-1761 alignleft" title="První NIGH RIDE 27.10.2015" src="http://LegendMTBclub.cz/wp-content/uploads/2015/01/IMG_8277-400x300.jpg" alt="" width="288" height="216" /></a></p>
<p><a href="http://legendmtbclub.cz/index.php/nggallery/duben-kveten-2015/7-10-2015?page_id=4537" target="_blank"><img loading="lazy" decoding="async" class=" wp-image-1761 alignleft" title="Testování TREK 2016 Singletack pod Smrkem" src="http://LegendMTBclub.cz/wp-content/uploads/2015/01/IMG_8275-400x300.jpg" alt="" width="288" height="216" /></a></p>
<p><a href="http://legendmtbclub.cz/index.php/nggallery/duben-kveten-2015/26-27-9-2015_jirka?page_id=4537" target="_blank"><img loading="lazy" decoding="async" class=" wp-image-1761 alignleft" title="Bikepacking Šumava od Jirky" src="http://LegendMTBclub.cz/wp-content/uploads/2015/01/IMG_20150926_210407-400x300.jpg" alt="" width="288" height="216" /></a></p>
<p><a href="http://legendmtbclub.cz/index.php/nggallery/duben-kveten-2015/26-9-2015?page_id=4537"><img loading="lazy" decoding="async" class=" wp-image-1761 alignleft" title="Bikepacking Šumava 26.-27.9.2015" src="http://LegendMTBclub.cz/wp-content/uploads/2015/01/IMG_8042-400x300.jpg" alt="" width="288" height="216" /></a></p>
<p><a href="http://legendmtbclub.cz/index.php/nggallery/duben-kveten-2015/19-9-2015?page_id=4537"><img loading="lazy" decoding="async" class=" wp-image-1761 alignleft" title="Lipno 19.9.2015" src="http://LegendMTBclub.cz/wp-content/uploads/2015/01/IMG_7782-400x300.jpg" alt="" width="288" height="216" /></a></p>
<p><a href="http://legendmtbclub.cz/index.php/nggallery/duben-kveten-2015/30-5-2015?page_id=4537"><img loading="lazy" decoding="async" class=" wp-image-1761 alignleft" title="100 mil Podhůřím Šumavy 2015 30.5.2015 " src="http://LegendMTBclub.cz/wp-content/uploads/2015/05/IMG_2801.jpg" alt="" width="288" height="216" /></a></p>
<p><a href="http://legendmtbclub.cz/index.php/nggallery/duben-kveten-2015/25-4-2015?page_id=4537"><img loading="lazy" decoding="async" class=" wp-image-1761 alignleft" title="Novohradky a Malše 25.4.2015 " src="http://LegendMTBclub.cz/wp-content/uploads/2015/01/IMG_6881-400x300.jpg" alt="" width="288" height="216" /></a></p>
<p><a href="http://legendmtbclub.cz/index.php/nggallery/duben-kveten-2015/18-4-2014?page_id=4537"><img loading="lazy" decoding="async" class=" wp-image-1761 alignleft" title="Jarník a Vysoký Kamýk 18.4.2015 " src="http://LegendMTBclub.cz/wp-content/uploads/2015/01/IMG_6825-225x300.jpg" alt="" width="288" height="216" /></a></p>
<p><a href="http://legendmtbclub.cz/index.php/nggallery/duben-kveten-2015/14-4-2015?page_id=4537"><img loading="lazy" decoding="async" class=" wp-image-1761 alignleft" title="Úterý 14.4.2015 " src="http://LegendMTBclub.cz/wp-content/uploads/2015/01/IMG_2692-400x300.jpg" alt="" width="288" height="216" /></a></p>
<p><a href="http://legendmtbclub.cz/index.php/nggallery/duben-kveten-2015/5-4-2015?page_id=4537"><img loading="lazy" decoding="async" class=" wp-image-1761 alignleft" title="Kluk 5.4.2015 " src="http://LegendMTBclub.cz/wp-content/uploads/2015/01/IMG_2655-400x300.jpg" alt="" width="288" height="216" /></a></p>
<p><a href="http://legendmtbclub.cz/index.php/nggallery/brezen-2015/31-3-2015?page_id=4537"><img loading="lazy" decoding="async" class=" wp-image-1761 alignleft" title="První denní 31.3.2015 " src="http://LegendMTBclub.cz/wp-content/uploads/2015/01/IMG_2634-400x300.jpg" alt="" width="288" height="216" /></a></p>
<p><a href="http://legendmtbclub.cz/index.php/nggallery/brezen-2015/24-3-2015?page_id=4537"><img loading="lazy" decoding="async" class=" wp-image-1761 alignleft" title="Last Night Ride 24.3.2015 " src="http://LegendMTBclub.cz/wp-content/uploads/2015/01/IMG_2615-400x300.jpg" alt="" width="288" height="216" /></a></p>
<p><a href="http://legendmtbclub.cz/index.php/nggallery/brezen-2015/10-3-2013?page_id=4537"><img loading="lazy" decoding="async" class=" wp-image-1761 alignleft" title="Night ride 10.3.2015 " src="http://LegendMTBclub.cz/wp-content/uploads/2015/01/IMG_6629-400x300.jpg" alt="" width="288" height="216" /></a></p>
<p><a href="http://legendmtbclub.cz/index.php/nggallery/unor-2015/21-2-2015?page_id=4537"><img loading="lazy" decoding="async" class=" wp-image-1761 alignleft" title="Trasování oběhu Budějc 21.2.2015 " src="http://LegendMTBclub.cz/wp-content/uploads/2015/01/IMG_6570-400x300.jpg" alt="" width="288" height="216" /></a></p>
<p><a href="http://legendmtbclub.cz/index.php/nggallery/unor-2015/1-2-2015?page_id=4537"><img loading="lazy" decoding="async" class=" wp-image-1761 alignleft" title="Mrazivé nedělní ráno 1.2.2015 " src="http://LegendMTBclub.cz/wp-content/uploads/2015/01/IMG_6483-400x300.jpg" alt="" width="288" height="216" /></a></p>
<p><a href="http://legendmtbclub.cz/index.php/nggallery/leden-2015/27-1-2015?page_id=4537"><img loading="lazy" decoding="async" class=" wp-image-1761 alignleft" title="Night ride 27.1.2015 " src="http://LegendMTBclub.cz/wp-content/uploads/2015/01/IMG_6439-400x300.jpg" alt="" width="288" height="216" /></a></p>
<p><a href="http://legendmtbclub.cz/index.php/nggallery/leden-2015/20-1-2015?page_id=4537"><img loading="lazy" decoding="async" class=" wp-image-1761 alignleft" title="Night ride 20.1.2015 " src="http://LegendMTBclub.cz/wp-content/uploads/2015/01/IMG_6423-400x300.jpg" alt="" width="288" height="216" /></a></p>
<p><a href="http://legendmtbclub.cz/index.php/nggallery/unor-2015/1-2-2015?page_id=4537"><img loading="lazy" decoding="async" class=" wp-image-1761 alignleft" title="Night ride 13.1.2015 " src="http://LegendMTBclub.cz/wp-content/uploads/2015/01/IMG_6336-400x300.jpg" alt="" width="288" height="216" /></a></p>
<p><a href="http://legendmtbclub.cz/index.php/nggallery/leden-2015/6-1-2015?page_id=4537"><img loading="lazy" decoding="async" class=" wp-image-1761 alignleft" title="První výjezdní zasedání 6.1.2015 " src="http://LegendMTBclub.cz/wp-content/uploads/2015/01/IMG_6273-400x300.jpg" alt="" width="288" height="216" /></a></p>
<p><a href="http://legendmtbclub.cz/index.php/nggallery/leden-2015/4-1-2015?page_id=4537"><img loading="lazy" decoding="async" class=" wp-image-1761 alignleft" title="Poprvé ve sněhu 4.1.2015 " src="http://LegendMTBclub.cz/wp-content/uploads/2015/01/IMG_6101-400x300.jpg" alt="" width="288" height="216" /></a></p>
